
True
Does 10 divide 3404?
False
Is 12 a factor of 876?
True
Is 922 a multiple of 8?
False
Does 69 divide 6220?
False
Is 14926 a multiple of 66?
False
Is 4 a factor of 137?
False
Is 742 a multiple of 53?
True
Does 63 divide 33705?
True
Is 2219 a multiple of 15?
False
Does 80 divide 641?
False
Is 15 a factor of 2895?
True
Is 27 a factor of 23744?
False
Is 5 a factor of 660?
True
Is 5856 a multiple of 61?
True
Does 35 divide 112525?
True
Is 11 a factor of 55?
True
Is 12 a factor of 297?
False
Is 24530 a multiple of 446?
True
Is 82 a factor of 19946?
False
Is 45 a factor of 6936?
False
Is 254 a multiple of 76?
False
Is 224 a multiple of 7?
True
Does 17 divide 5406?
True
Is 2359 a multiple of 51?
False
Is 11988 a multiple of 74?
True
Is 47440 a multiple of 142?
False
Is 5 a factor of 1435?
True
Is 4883 a multiple of 73?
False
Is 8 a factor of 712?
True
Is 39 a factor of 50161?
False
Is 26496 a multiple of 16?
True
Is 249 a multiple of 5?
False
Is 414 a multiple of 48?
False
Is 24 a factor of 3275?
False
Is 29972 a multiple of 26?
False
Is 6930 a multiple of 7?
True
Is 5513 a multiple of 149?
True
Does 13 divide 648?
False
Is 7125 a multiple of 57?
True
Is 588 a multiple of 28?
True
Is 1140 a multiple of 10?
True
Is 83 a factor of 830?
True
Is 8 a factor of 1417?
False
Does 14 divide 3452?
False
Is 596 a multiple of 48?
False
Is 75 a factor of 12707?
False
Does 15 divide 360?
True
Is 6 a factor of 853?
False
Is 1107 a multiple of 41?
True
Is 11833 a multiple of 30?
False
Is 3612 a multiple of 12?
True
Is 67 a factor of 4154?
True
Does 10 divide 2370?
True
Does 15 divide 246?
False
Is 30 a factor of 960?
True
Does 44 divide 12320?
True
Is 1088 a multiple of 16?
True
Does 11 divide 121?
True
Is 4 a factor of 1173?
False
Does 8 divide 32550?
False
Is 193 even?
False
Is 28215 a multiple of 45?
True
Is 79070 a multiple of 23?
False
Does 4 divide 231?
False
Is 662 a multiple of 129?
False
Is 11 a factor of 17457?
True
Does 42 divide 16674?
True
Does 88 divide 1155?
False
Is 1188 a multiple of 12?
True
Does 44 divide 2171?
False
Is 591 a multiple of 4?
False
Is 5 a factor of 2645?
True
Does 16 divide 116?
False
Does 64 divide 764?
False
Is 12 a factor of 272?
False
Is 2114 a multiple of 23?
False
Does 28 divide 10315?
False
Does 166 divide 332?
True
Is 767 a multiple of 20?
False
Is 173 a factor of 2941?
True
Is 4 a factor of 1229?
False
Is 13 a factor of 4534?
False
Does 5 divide 220?
True
Does 15 divide 6420?
True
Does 39 divide 8324?
False
Does 18 divide 8290?
False
Is 200 a factor of 44000?
True
Is 96 a factor of 54816?
True
Is 5 a factor of 874?
False
Is 14116 a multiple of 81?
False
Is 20 a factor of 6140?
True
Does 54 divide 23274?
True
Does 23 divide 14145?
True
Is 16 a factor of 12131?
False
Is 83 a factor of 49797?
False
Is 592 a multiple of 74?
True
Is 67 a factor of 6432?
True
Does 21 divide 2129?
False
Is 2983 a multiple of 31?
False
Does 127 divide 1854?
False
Does 14 divide 4058?
False
Is 129 a factor of 9417?
True
Is 859 a multiple of 103?
False
Does 173 divide 16525?
False
Is 3607 a multiple of 79?
False
Is 15 a factor of 105?
True
Is 1106 a multiple of 79?
True
Does 2 divide 356?
True
Is 14 a factor of 43372?
True
Is 9315 a multiple of 69?
True
Does 31 divide 5336?
False
Does 25 divide 36751?
False
Is 12 a factor of 10655?
False
Does 41 divide 1334?
False
Is 2210 a multiple of 17?
True
Is 14 a factor of 125?
False
Is 1798 a multiple of 58?
True
Is 29 a factor of 3886?
True
Is 5 a factor of 14469?
False
Is 128 a multiple of 8?
True
Does 102 divide 24480?
True
Is 1418 a multiple of 97?
False
Is 116 a factor of 14553?
False
Does 7 divide 231?
True
Is 31 a factor of 2792?
False
Does 8 divide 11952?
True
Does 101 divide 22422?
True
Is 7 a factor of 21696?
False
Is 28976 a multiple of 27?
False
Is 3072 a multiple of 48?
True
Is 760 a multiple of 152?
True
Does 33 divide 1426?
False
Is 6 a factor of 1977?
False
Is 69 a factor of 22149?
True
Is 7 a factor of 5999?
True
Is 109538 a multiple of 143?
True
Does 42 divide 65982?
True
Is 11792 a multiple of 25?
False
Is 22 a factor of 132?
True
Is 1852 a multiple of 4?
True
Does 16 divide 592?
True
Is 11 a factor of 18145?
False
Is 11395 a multiple of 29?
False
Does 228 divide 33736?
False
Is 5004 a multiple of 36?
True
Is 43 a factor of 22446?
True
Is 419 a factor of 49442?
True
Is 53 a factor of 41715?
False
Is 1408 a multiple of 16?
True
Is 86 a factor of 17053?
False
Is 9 a factor of 63?
True
Does 5 divide 58299?
False
Is 10 a factor of 210?
True
Does 35 divide 2540?
False
Is 360 a multiple of 90?
True
Does 77 divide 21973?
False
Is 23 a factor of 15088?
True
Is 5142 a multiple of 32?
False
Does 5 divide 792?
False
Is 27 a factor of 31347?
True
Does 26 divide 11042?
False
Is 144 a factor of 35136?
True
Is 15 a factor of 435?
True
Is 2229 a multiple of 21?
False
Is 3693 a multiple of 11?
False
Does 24 divide 3158?
False
Does 17 divide 544?
True
Is 143 a multiple of 11?
True
Is 523 a factor of 32949?
True
Is 5 a factor of 315?
True
Is 138 a factor of 16560?
True
Does 10 divide 8985?
False
Does 16 divide 8236?
False
Is 18 a factor of 90?
True
Does 45 divide 4095?
True
Is 80785 a multiple of 151?
True
Does 40 divide 11313?
False
Is 23607 a multiple of 69?
False
Is 1519 a multiple of 11?
False
Is 29992 a multiple of 46?
True
Does 22 divide 638?
True
Is 3 a multiple of 3?
True
Is 14530 a multiple of 6?
False
Is 95 a multiple of 45?
False
Does 9 divide 801?
True
Is 219 a factor of 22333?
False
Is 805 a multiple of 14?
False
Is 26 a factor of 1268?
False
Does 19 divide 14027?
False
Is 2013 a multiple of 13?
False
Is 24 a factor of 5282?
False
Does 5 divide 5650?
True
Does 6 divide 6911?
False
Is 47130 a multiple of 242?
False
Does 73 divide 28251?
True
Is 36 a factor of 864?
True
Does 19 divide 2061?
False
Is 198 a factor of 16434?
True
Is 17 a factor of 1069?
False
Does 11 divide 309?
False
Is 450 a multiple of 18?
True
Is 8 a factor of 120?
True
Does 31 divide 2449?
True
Does 13 divide 273?
True
Is 1175 a multiple of 17?
False
Does 39 divide 15054?
True
Is 111600 a multiple of 15?
True
Does 29 divide 1344?
False
Is 9850 a multiple of 16?
False
Is 17 a factor of 31603?
True
Is 112 a multiple of 5?
False
Does 32 divide 687?
False
Is 13 a factor of 33176?
True
Is 100 a factor of 10100?
True
Is 36 a factor of 70416?
True
Is 94 a factor of 3640?
False
Is 43 a factor of 2002?
False
Does 113 divide 904?
True
Is 13 a factor of 637?
True
Is 14 a factor of 739?
False
Does 26 divide 1392?
False
Is 2016 a multiple of 24?
True
Does 28 divide 420?
True
Is 372 a multiple of 5?
False
Is 50 a factor of 2373?
False
Is 12456 a multiple of 107?
False
Does 59 divide 63409?
False
Does 11 divide 1243?
True
Does 36 divide 2286?
False
Does 9 divide 1326?
False
Does 125 divide 267?
False
Is 22 a factor of 9196?
True
Is 14 a factor of 8778?
True
Is 88 a factor of 1672?
True
Is 7 a factor of 1155?
True
Is 157 a factor of 39225?
False
Is 3 a factor of 7274?
False
Is 16 a factor of 11361?
False
Is 2 a factor of 56?
True
Does 23 divide 12406?
False
Does 17 divide 1411?
True
Is 52 a multiple of 4?
True
Does 3 divide 8297?
False
Is 44 a factor of 1980?
True
Is 254 a factor of 9144?
True
Is 14 a factor of 5852?
True
Is 67045 a multiple of 115?
True
Does 8 divide 311?
False
Does 48 divide 864?
True
Is 10 a factor of 284?
False
Is 9 a factor of 6187?
False
Is 104 a factor of 7384?
True
Is 8 a factor of 13856?
True
Is 29 a factor of 6583?
True
Is 72 a factor of 312?
False
Is 1520 a multiple of 10?
True
Is 11 a factor of 4466?
True
Is 40 a factor of 2000?
True
Does 61 divide 2043?
False
Is 19 a factor of 952?
False
Is 8333 a multiple of 107?
False
Does 59 divide 354?
True
Does 15 divide 690?
True
Is 4301 a multiple of 23?
True
Does 54 divide 1350?
True
Is 774 a multiple of 10?
False
Is 26372 a multiple of 62?
False
Does 13 divide 1885?
True
Is 142 a factor of 10934?
True
Does 46 divide 5474?
True
Is 5438 a multiple of 72?
False
Is 5 a factor of 2162?
False
Is 717 a multiple of 20?
False
Is 15792 a multiple of 20?
False
Is 22 a factor of 1078?
True
Is 13779 a multiple of 208?
False
Does 56 divide 654?
False
Does 72 divide 1152?
True
Is 24 a factor of 4200?
True
Is 1581 a multiple of 93?
True
Does 58 divide 15606?
False
Is 3096 a multipl